 by 31.
0
Calculate the remainder when 13735 is divided by 57.
55
What is the remainder when 44 is divided by 16?
12
Calculate the remainder when 3976 is divided by 74.
54
Calculate the remainder when 70 is divided by 9.
7
Calculate the remainder when 116 is divided by 43.
30
Calculate the remainder when 526 is divided by 6.
4
Calculate the remainder when 509 is divided by 155.
44
What is the remainder when 84 is divided by 43?
41
Calculate the remainder when 100 is divided by 77.
23
What is the remainder when 1468 is divided by 36?
28
What is the remainder when 405 is divided by 82?
77
Calculate the remainder when 189 is divided by 19.
18
Calculate the remainder when 111 is divided by 47.
17
Calculate the remainder when 524 is divided by 60.
44
Calculate the remainder when 591 is divided by 148.
147
Calculate the remainder when 374 is divided by 364.
10
What is the remainder when 795 is divided by 9?
3
What is the remainder when 210 is divided by 103?
4
What is the remainder when 3435 is divided by 136?
35
What is the remainder when 85 is divided by 20?
5
What is the remainder when 127 is divided by 32?
31
What is the remainder when 41 is divided by 14?
13
Calculate the remainder when 26 is divided by 8.
2
Calculate the remainder when 318 is divided by 40.
38
Calculate the remainder when 251 is divided by 83.
2
Calculate the remainder when 1659 is divided by 7.
0
What is the remainder when 2757 is divided by 30?
27
What is the remainder when 100 is divided by 35?
30
Calculate the remainder when 772 is divided by 147.
37
What is the remainder when 3005 is divided by 999?
8
What is the remainder when 1931 is divided by 234?
59
What is the remainder when 2673 is divided by 35?
13
What is the remainder when 4367 is divided by 14?
13
Calculate the remainder when 945 is divided by 86.
85
Calculate the remainder when 108 is divided by 26.
4
What is the remainder when 19319 is divided by 42?
41
What is the remainder when 191 is divided by 39?
35
What is the remainder when 158 is divided by 25?
8
Calculate the remainder when 710 is divided by 34.
30
What is the remainder when 479 is divided by 54?
47
What is the remainder when 174 is divided by 73?
28
What is the remainder when 1149 is divided by 18?
15
What is the remainder when 2794 is divided by 85?
74
Calculate the remainder when 101 is divided by 48.
5
Calculate the remainder when 177 is divided by 52.
21
What is the remainder when 202 is divided by 17?
15
Calculate the remainder when 253 is divided by 32.
29
What is the remainder when 268 is divided by 94?
80
Calculate the remainder when 54 is divided by 24.
6
Calculate the remainder when 282 is divided by 71.
69
Calculate the remainder when 572 is divided by 35.
12
Calculate the remainder when 32 is divided by 12.
8
What is the remainder when 799 is divided by 50?
49
What is the remainder when 14760 is divided by 21?
18
Calculate the remainder when 417 is divided by 70.
67
Calculate the remainder when 8846 is divided by 16.
14
Calculate the remainder when 97 is divided by 5.
2
What is the remainder when 1781 is divided by 51?
47
Calculate the remainder when 2938 is divided by 30.
28
What is the remainder when 376 is divided by 24?
16
Calculate the remainder when 2013 is divided by 1001.
11
What is the remainder when 872 is divided by 48?
8
What is the remainder when 194 is divided by 57?
23
What is the remainder when 405 is divided by 32?
21
What is the remainder when 1341 is divided by 24?
21
Calculate the remainder when 357 is divided by 22.
5
What is the remainder when 552 is divided by 4?
0
What is the remainder when 160 is divided by 55?
50
What is the remainder when 1660 is divided by 545?
25
What is the remainder when 141 is divided by 36?
33
Calculate the remainder when 4021 is divided by 1327.
40
What is the remainder when 424 is divided by 34?
16
Calculate the remainder when 1631 is divided by 38.
35
Calculate the remainder when 3561 is divided by 102.
93
Calculate the remainder when 139 is divided by 14.
13
What is the remainder when 1357 is divided by 335?
17
Calculate the remainder when 178 is divided by 14.
10
Calculate the remainder when 1019 is divided by 68.
67
What is the remainder when 592 is divided by 11?
9
Calculate the remainder when 246 is divided by 8.
6
Calculate the remainder when 550 is divided by 60.
10
Calculate the remainder when 582 is divided by 84.
78
What is the remainder when 893 is divided by 149?
148
What is the remainder when 70 is divided by 25?
20
Calculate the remainder when 34449 is divided by 18.
15
Calculate the remainder when 264 is divided by 121.
22
Calculate the remainder when 69 is divided by 39.
30
Calculate the remainder when 1016 is divided by 123.
32
Calculate the remainder when 196 is divided by 145.
51
Calculate the remainder when 285 is divided by 9.
6
Calculate the remainder when 70 is divided by 36.
34
Calculate the remainder when 380 is divided by 16.
12
Calculate the remainder when 2072 is divided by 99.
92
What is the remainder when 4445 is divided by 39?
38
Calculate the remainder when 44 is divided by 4.
0
What is the remainder when 135 is divided by 20?
15
Calculate the remainder when 308 is divided by 31.
29
What is the remainder when 2198 is divided by 101?
77
Calculate the remainder when 36782 is divided by 76.
74
Calculate the remainder when 133 is divided by 4.
1
Calculate the remainder when 567 is divided by 141.
3
Calculate the remainder when 420 is divided by 47.
44
Calculate the remainder when 288 is divided by 49.
43
What is the remainder when 117 is divided by 17?
15
What is the remainder when 849 is divided by 106?
1
Calculate the remainder when 1330 is divided by 111.
109
Calculate the remainder when 372 is divided by 42.
36
Calculate the remainder when 329 is divided by 15.
14
What is the remainder when 545 is divided by 9?
5
What is the remainder when 98 is divided by 32?
2
What is the remainder when 108 is divided by 25?
8
What is the remainder when 60 is divided by 34?
26
Calculate the remainder when 740 is divided by 104.
12
What is the remainder when 2462 is divided by 490?
12
Calculate the remainder when 76 is divided by 28.
20
What is the remainder when 86 is divided by 22?
20
What is the remainder when 3346 is divided by 335?
331
What is the remainder when 1739 is divided by 8?
3
What is the remainder when 57 is divided by 31?
26
Calculate the remainder when 277 is divided by 112.
53
What is the remainder when 101 is divided by 41?
19
What is the remainder when 126 is divided by 34?
24
Calculate the remainder when 533 is divided by 18.
11
Calculate the remainder when 811 is divided by 200.
11
What is the remainder when 127 is divided by 57?
13
Calculate the remainder when 344 is divided by 90.
74
Calculate the remainder when 56 is divided by 30.
26
What is the remainder when 3299 is divided by 30?
29
What is the remainder when 1217 is divided by 20?
17
What is the remainder when 90 is divided by 6?
0
Calculate the remainder when 277 is divided by 44.
13
What is the remainder when 546 is divided by 49?
7
Calculate the remainder when 750 is divided by 108.
102
What is the remainder when 57 is divided by 16?
9
Calculate the remainder when 194 is divided by 14.
12
Calculate the remainder when 871 is divided by 63.
52
Calculate the remainder when 101 is divided by 52.
49
What is the remainder when 334 is divided by 34?
28
What is the remainder when 1310 is divided by 218?
2
What is the remainder when 427 is divided by 424?
3
Calculate the remainder when 200 is divided by 12.
8
What is the remainder when 106 is divided by 96?
10
Calculate the remainder when 1696 is divided by 213.
205
What is the remainder when 72 is divided by 31?
10
What is the remainder when 453 is divided by 225?
3
What is the remainder when 525 is divided by 106?
101
What is the remainder when 17 is divided by 6?
5
What is the remainder when 227 is divided by 57?
56
What is the remainder when 137 is divided by 38?
23
What is the remainder when 101 is divided by 10?
1
What is the remainder when 1941 is divided by 485?
1
What is the remainder when 373 is divided by 22?
21
Calculate the remainder when 27425 is divided by 223.
219
What is the remainder when 3042 is divided by 203?
200
What is